2496). What is the highest common divisor of p and 13?
13
Suppose 2 + 5 = -2*d + 3*n, 0 = -2*d + 4*n - 10. What is the greatest common divisor of 2 and d?
1
Let x be (0 + -1)*18/(-6). Calculate the highest common divisor of 1 and x.
1
Let j(h) = 5*h - 5. Let b(k) = -k**3 + 6*k**2 + 2*k - 9. Let c be b(6). Let g be j(c). What is the greatest common divisor of g and 20?
10
Let x = -114 - -195. Calculate the highest common divisor of 54 and x.
27
Suppose 6*q + 6 = 3*q. Suppose -54 + 9 = -2*w - 5*l, -25 = -5*l. Let f = q + w. What is the greatest common divisor of 1 and f?
1
Suppose 13*m - 511 = 139. What is the greatest common divisor of 30 and m?
10
Suppose 2*j + 3*j - 585 = 0. What is the greatest common factor of j and 13?
13
Suppose -w + 2*w = 6. Let h = -3 + w. Let i be (-2)/6*h*-25. What is the highest common divisor of i and 5?
5
Suppose j - 18 = 22. Calculate the greatest common divisor of j and 10.
10
Let u(t) = 5*t**3 + t**3 - 5*t**3 + t + 4*t**2 + 2*t. Suppose d = -w - 7, -3*w + 14 = -0*d - 4*d. Let j be u(w). What is the greatest common factor of j and 8?
2
Suppose -7*x + 481 + 23 = 0. What is the highest common factor of 9 and x?
9
Suppose 2*u = v - 11, 5*v = 4*u + 87 - 8. Let l be (-172 + (-1 - -2))/(-1). Calculate the highest common divisor of v and l.
19
Let f be 5 + (-1 - (3 + -3)). What is the highest common factor of 8 and f?
4
Let l be 6/9 - (-1552)/12. Let m be 52/((-1)/3*-3). What is the highest common divisor of l and m?
26
Let w(p) = 2*p - 7*p + p**2 + 8 - 2*p. Let v be w(6). Suppose -v*y + 5*j = -41, -3*y + 170 = 2*y + j. What is the greatest common divisor of 11 and y?
11
Let f be 4/8*94 - -1. Suppose 0*r - 3*r = -f. Calculate the highest common factor of r and 80.
16
Let s(z) be the first derivative of z**4/4 + z**3/3 + z**2/2 + 28*z - 2. Let h be s(0). Calculate the greatest common divisor of h and 4.
4
Let b(n) = -n**2 + 5*n - 2. Let d be b(3). Suppose -5*j = -d - 11. Calculate the greatest common divisor of j and 24.
3
Suppose 2*l + z + 2*z = 515, 0 = 5*l + z - 1255. Suppose 6*k - l = k. What is the greatest common divisor of k and 20?
10
Suppose 16 + 16 = 2*j. Suppose -5*m - 16 = -6*m. Calculate the greatest common divisor of m and j.
16
Suppose 9 = r - 63. Let c be (-65)/(-7) + 8/(-28). What is the greatest common factor of c and r?
9
Let k = 40 + -61. Let a be 4/6*k/(-2). Calculate the highest common divisor of a and 21.
7
Suppose -3*t + 117 = -2*h - 3*h, t - 39 = 5*h. Suppose 3*p - t = 42. Calculate the highest common factor of p and 18.
9
Suppose 0 = -81*v + 75*v + 864. What is the highest common divisor of 8 and v?
8
Let m(l) = 2*l**3 + 14*l**2 + 7*l + 2. Let v be m(-6). What is the greatest common divisor of 8 and v?
8
Suppose 4*i = 16, 4*m + 0*m - 208 = i. Calculate the highest common factor of m and 371.
53
Let t(n) = 12*n - 3. Let a be t(3). Let k = 59 - a. Let g(w) = -7*w**3 - 4*w + 1. Let h be g(-2). Calculate the highest common factor of k and h.
13
Let l(t) be the second derivative of t**3/6 - 4*t. Let c be l(8). What is the highest common factor of c and 20?
4
Let x = 258 + -141. Let q be (((-13)/(-2))/(-1))/((-12)/24). Calculate the greatest common factor of q and x.
13
Let x = 101 - 53. Suppose -3*b - 4*d + 25 = -12, -4*b - 4*d + x = 0. Calculate the highest common factor of b and 11.
11
Let s = -31 - -58. Let g = s + 0. What is the greatest common factor of g and 9?
9
Let h(b) = -3*b - 2. Let i(g) = -1. Let u(k) = -2*h(k) + 6*i(k). Let o be u(3). Let w be -28*(-7 + 2 + 1). What is the greatest common factor of o and w?
16
Let b be (2/6)/(4/24). Suppose l - 3*l + 6 = 0. Suppose l*a + 14 = 4*a. What is the greatest common factor of a and b?
2
Let o = -117 - -167. What is the greatest common divisor of o and 20?
10
Suppose 3*g - 2*z - 3 = -5, -5*z = 5*g + 20. Let k be (1*-4)/(4/(-382)). Let a be g/(-8) + k/8. What is the highest common divisor of a and 12?
12
Let r be ((-328)/32 - 1/(-4))/(-2). What is the highest common factor of r and 2?
1
Suppose q - 2 = -0*q - v, -q - 8 = 3*v. Calculate the greatest common factor of q and 63.
7
Suppose -2*w + 16 = 2*w. Suppose 2*p + 16 = w*p. What is the highest common divisor of 72 and p?
8
Suppose 4*d - 4*u - 300 = 0, -4*u - 254 = -3*d - 24. Suppose 3 = -b - 17. Let r be ((-2)/(-4))/(-1)*b. What is the greatest common divisor of d and r?
10
Suppose 0 = -4*k - 5*z + 28, -4*z = 2*k - 7*k + 35. Suppose -2*f + 32 = 3*y - 2*y, -5*f + 62 = -2*y. Calculate the highest common divisor of k and f.
7
Suppose 5*i - 395 - 1005 = 0. Suppose i = 6*w - 5*w. What is the greatest common factor of 35 and w?
35
Suppose -2*r + 58 = m + 14, 3*m = -5*r + 132. Calculate the highest common factor of 4 and m.
4
Suppose 1466 - 506 = 20*v. What is the greatest common factor of 6 and v?
6
Let z(u) = -u**2 - 8*u + 2. Suppose 3*x - 4*b = -3*b - 25, 2*x = 5*b - 21. Let h be z(x). Suppose 96 + 0 = h*w. Calculate the greatest common factor of 6 and w.
6
Suppose 9*z = 14*z - 25. Calculate the highest common factor of 35 and z.
5
Let x(y) = 2*y**2 - 2*y + 2. Suppose -4*b - 12 - 5 = -j, 23 = -j - 4*b. Let v be x(j). Calculate the highest common divisor of v and 65.
13
Suppose 25 = -k + 6*k. Suppose -4*l = 16, k*l = 2*q + 3*l - 40. Calculate the greatest common divisor of 16 and q.
16
Let g be 1*(-2)/3*3. Let p = g + 5. Suppose -p*s = -7*s + 88. What is the greatest common divisor of 2 and s?
2
Let x = 7 + 11. Let c(t) = t**3 + 4*t**2 + 3*t. Let u be c(-3). Suppose -2 + u = -q. What is the highest common divisor of x and q?
2
Suppose -3*y - 4 = -1. Let h be y/(-4) + (-135)/(-4). Suppose -h = -4*u - 2. Calculate the highest common divisor of 8 and u.
8
Suppose 0 = -5*k - x + 6, -x = 2*k + x - 4. Suppose -3*j + 3*y - 3 = 0, -j + 2 = y + 5. Let f be (-4)/(j*1) + 8. What is the highest common factor of f and k?
1
Let l be 15 - (-1)/(1/(-1)). Let t = -128 + 282. Calculate the highest common factor of t and l.
14
Suppose 0 = -4*f - 3 + 187. Calculate the highest common factor of f and 115.
23
Let s be (-44)/(-7) + (-6)/21. Suppose 6*c = 11 + 7. What is the highest common factor of s and c?
3
Let u(r) = 36*r + 1 - 1. Let z be u(1). Let d = 100 - 88. Calculate the greatest common divisor of z and d.
12
Let y be 3 + (-5 - (-3 + 1)) + 3. Let i(v) = 2*v + 3. Let h be i(6). Calculate the greatest common factor of y and h.
3
Let y be (-36)/(-270) - 116/(-30). Calculate the greatest common factor of y and 32.
4
Suppose 4*k + 3 + 42 = c, 2*c - 5*k - 90 = 0. Calculate the greatest common divisor of 27 and c.
9
Suppose 5*z - 20 = -3*b, -2*z = -z + 4*b + 13. Calculate the greatest common factor of 7 and z.
7
Let u = 29 + -11. What is the greatest common factor of 45 and u?
9
Let g = 65 + -45. Let u be -1*(3 + -2)*g. Let h = 25 - u. Calculate the greatest common factor of 15 and h.
15
Suppose 3*f = f + 72. Calculate the greatest common divisor of 108 and f.
36
Let j(d) = -d + 15. Let t be j(12). Suppose 259 = t*p - c, -c - 4*c = -4*p + 327. Suppose -5*i = -20 - 20. What is the highest common divisor of p and i?
8
Let m be 3*(-3)/(-9) - -7. Let c = m - 5. Let v = -5 + 8. What is the greatest common factor of v and c?
3
Let l = -14 - -18. What is the highest common divisor of 44 and l?
4
Let r(d) = -3*d**2 + 2*d**2 - 2*d**2 + 2*d**2 + d**3. Let g be r(2). Calculate the greatest common divisor of g and 4.
4
Let p(z) = z**2 + 2*z - 3. Let y be p(-4). Suppose -o - 18 = -y*h, -o - 5 + 2 = 0. Suppose 0 = 2*f - h - 11. What is the greatest common divisor of 77 and f?
7
Suppose 36 = 2*g - 28. Suppose -4*w = -5*w + g. Calculate the highest common factor of 8 and w.
8
Let q = 30 - 14. Let j(i) = -4*i + 2*i + i + 0*i + 2. Let a be j(-6). Calculate the highest common divisor of a and q.
8
Let j(p) = p**3 - 15*p**2 + 22*p - 22. Let r be j(14). Calculate the greatest common divisor of 45 and r.
45
Let o = 69 - 19. What is the highest common factor of 125 and o?
25
Let m(c) = -c**2 - c**3 + 4*c**3 - 4*c**3 - 12. Let l be m(0). Let o be (7/2)/((-2)/l). What is the highest common factor of o and 3?
3
Suppose -w + 268 = 2*q + q, w - 178 = -2*q. What is the highest common factor of q and 18?
18
Let u(q) = 6*q - 5. Let a be u(3). What is the highest common factor of 1 and a?
1
Let f(j) = -2*j**2 - 6*j + 2. Let c be f(-5). Let k be ((-